 3660 and 196870180?
1220
Calculate the greatest common factor of 2229 and 29679.
3
What is the highest common factor of 2387264 and 792?
88
Calculate the greatest common divisor of 924 and 527419508.
308
Calculate the greatest common divisor of 1352 and 1793065664.
1352
What is the highest common divisor of 8 and 11176?
8
What is the greatest common factor of 7818789 and 279?
93
What is the greatest common factor of 251865 and 14089?
193
What is the greatest common divisor of 238784 and 14151683?
3731
Calculate the highest common factor of 273 and 2530867521.
273
What is the greatest common divisor of 13095042 and 2616?
654
What is the greatest common divisor of 363 and 17328531?
363
Calculate the greatest common factor of 432 and 19517232.
48
What is the highest common divisor of 69072696 and 42?
42
Calculate the greatest common factor of 23496017 and 2885.
577
Calculate the highest common factor of 1190 and 11069414.
34
What is the greatest common divisor of 165563 and 19924?
17
Calculate the greatest common divisor of 101913 and 651.
21
What is the highest common factor of 1181004 and 25806?
1518
Calculate the highest common factor of 618379965 and 630.
315
Calculate the highest common divisor of 672 and 141665048.
56
What is the highest common divisor of 6164532 and 176?
44
What is the greatest common divisor of 224302 and 832?
26
Calculate the highest common divisor of 226389756 and 12.
12
Calculate the highest common factor of 21340 and 84620.
20
What is the highest common factor of 13787553 and 741?
39
Calculate the greatest common divisor of 3263385 and 705.
15
What is the highest common factor of 1560355 and 340?
5
What is the highest common factor of 256 and 28517248?
128
What is the highest common factor of 26035 and 113335?
5
Calculate the greatest common factor of 1524852 and 669816.
756
Calculate the greatest common divisor of 2200010 and 66310.
190
What is the highest common divisor of 1001 and 1727453?
91
Calculate the greatest common divisor of 44280 and 49484376.
2952
What is the highest common factor of 1500 and 10062840?
60
Calculate the greatest common divisor of 405411 and 102.
3
Calculate the highest common factor of 244 and 62823412.
244
Calculate the highest common factor of 12978 and 6760096.
1442
What is the greatest common divisor of 414154 and 374?
34
What is the greatest common divisor of 6966 and 14385564?
774
Calculate the highest common factor of 630879 and 385895.
113
What is the greatest common divisor of 14814 and 10026?
18
Calculate the highest common divisor of 3154333 and 1547.
1547
What is the greatest common factor of 25044300 and 192?
12
Calculate the highest common factor of 86979 and 6197529.
1101
Calculate the highest common divisor of 34107443 and 1719.
191
What is the greatest common factor of 2496 and 13660998?
78
What is the greatest common divisor of 173013 and 1877448?
1713
What is the highest common factor of 473018 and 9246874?
4186
What is the highest common divisor of 2658355 and 31430?
35
Calculate the greatest common divisor of 120089 and 275326.
2929
What is the greatest common divisor of 33495 and 63345975?
1155
Calculate the greatest common factor of 882 and 12229371.
441
Calculate the greatest common factor of 250 and 5096450.
50
Calculate the highest common divisor of 2346 and 62330874.
2346
What is the greatest common factor of 625878 and 1566?
522
What is the greatest common divisor of 6835642 and 66?
22
Calculate the greatest common divisor of 1171 and 20376571.
1171
Calculate the greatest common divisor of 1270 and 63543815.
635
Calculate the greatest common factor of 9351 and 81891.
9
Calculate the greatest common divisor of 2304 and 89162496.
2304
What is the greatest common divisor of 83313560 and 22?
22
Calculate the greatest common factor of 1900 and 263350.
50
Calculate the highest common divisor of 32598440 and 35.
35
What is the greatest common factor of 2755012 and 1508?
52
Calculate the greatest common divisor of 52 and 117883324.
52
What is the greatest common divisor of 1971246 and 2784?
174
What is the greatest common divisor of 135857 and 50573?
103
What is the greatest common divisor of 53372 and 2112?
44
Calculate the greatest common divisor of 388160 and 12160.
320
What is the greatest common divisor of 22795 and 534155?
235
Calculate the greatest common factor of 20413 and 66582.
137
Calculate the greatest common divisor of 19984010 and 2210.
170
Calculate the highest common divisor of 108156 and 66816.
12
What is the highest common factor of 8606740 and 1620?
20
Calculate the highest common factor of 227 and 1223.
1
What is the highest common factor of 15144 and 12770178?
3786
Calculate the greatest common factor of 742 and 4929232.
14
Calculate the greatest common divisor of 85 and 165239609.
17
Calculate the greatest common divisor of 2715 and 95603838.
543
What is the highest common factor of 78 and 638326?
26
What is the highest common divisor of 9502541 and 51?
17
What is the highest common divisor of 689001 and 172617?
489
What is the greatest common divisor of 628 and 46792280?
628
Calculate the greatest common factor of 22959 and 53883.
9
Calculate the greatest common factor of 222 and 68832.
6
Calculate the greatest common divisor of 685455 and 15.
15
Calculate the highest common divisor of 263307 and 11502084.
2607
Calculate the highest common divisor of 15444 and 860288.
572
What is the highest common divisor of 76 and 17416749?
19
Calculate the highest common factor of 53328 and 543312.
528
What is the greatest common factor of 517407 and 429?
33
Calculate the highest common divisor of 1120 and 4003232.
32
Calculate the highest common factor of 1425 and 2334225.
75
Calculate the highest common divisor of 2222868 and 21300.
852
What is the greatest common divisor of 5031 and 156?
39
What is the greatest common factor of 34206250 and 10000?
1250
Calculate the highest common divisor of 126079070 and 610.
610
Calculate the greatest common divisor of 190 and 210567880.
190
Calculate the highest common factor of 366642 and 702.
18
Calculate the greatest common divisor of 270 and 174083526.
54
Calculate the highest common factor of 14629127 and 5037.
1679
What is the highest common factor of 2505 and 2231454?
501
Calculate the highest common factor of 136116830 and 2012.
1006
What is the greatest common factor of 3221 and 170713?
3221
Calculate the highest common divisor of 34 and 42601711.
17
What is the greatest common divisor of 179 and 8272664?
179
Calculate the highest common factor of 41369512 and 56.
8
What is the greatest common divisor of 317713835 and 1035?
115
What is the greatest common factor of 446 and 2698949376?
446
Calculate the highest common divisor of 323676 and 2164.
4
Calculate the highest common factor of 192030740 and 220.
220
What is the highest common divisor of 288 and 486216?
72
Calculate the greatest common factor of 17670 and 324.
6
What is the highest common factor of 8178890 and 1040?
10
Calculate the greatest common factor of 72504384 and 8.
8
Calculate the highest common divisor of 53504529 and 78.
39
Calculate the greatest common divisor of 1888 and 68800.
32
What is the greatest common factor of 152 and 14758936?
8
What is the highest common factor of 619561908 and 62?
62
Calculate the highest common divisor of 52823140 and 1642.
1642
What is the greatest common divisor of 139175536 and 1490?
298
What is the greatest common divisor of 83090919 and 5862?
2931
What is the highest common divisor of 34161 and 94636?
59
Calculate the greatest common factor of 409459700 and 145.
145
What is the highest common divisor of 77198 and 1554806?
638
Calculate the greatest common factor of 65562970 and 3.
1
What is the greatest common divisor of 7840 and 1521380?
140
Calculate the greatest common divisor of 3 and 12182853.
3
Calculate the highest common divisor of 240675 and 3475.
25
Calculate the greatest common divisor of 1170072 and 395441.
5417
Calculate the greatest common divisor of 1777421 and 151.
151
What is the highest common factor of 7886 and 864?
2
Calculate the greatest common divisor of 1287 and 21662433.
117
Calculate the highest common factor of 2334 and 736416678.
2334
Calculate the highest common divisor of 9